16. What are the prime factors of 4/(-26) - a/156?
2, 3, 7
List the prime factors of ((-104)/60)/(-13) - 198984/(-45).
2, 3, 11, 67
Suppose -588 = 8*g + 148. Let m = g - -142. What are the prime factors of m?
2, 5
Let w = 3 - 1. Suppose 0*i + w*i = 0. Suppose 5*d - 3*d - 34 = i. What are the prime factors of d?
17
Let w = -9 - -19. Suppose 0 = o - 42 + w. Suppose 0 = -4*u + 3*u + o. What are the prime factors of u?
2
Let v = -121 - -261. Let p = v - 69. What are the prime factors of p?
71
Suppose 5*r - 1263 - 1846 = 4*v, -3*v - 3108 = -5*r. List the prime factors of r.
3, 23
List the prime factors of (130/15 + -8)*4647/2.
1549
Suppose 25 = -5*h - 4*f, -3*h = -2*h + 2*f - 1. What are the prime factors of ((-222)/h)/(2/3)?
37
Let c be (3 - -124 - 1)/1. Suppose -7*d = -13*d + c. List the prime factors of d.
3, 7
Suppose 3*p = 4382 - 548. What are the prime factors of p/72*2*4?
2, 71
Let t = -3 + -3. Suppose 8*d - 3*a = 10*d - 18, -9 = -d - 5*a. What are the prime factors of (t/(-8))/(d/216)?
2, 3
Suppose -7*b - 1 = -22. Suppose 0 = -4*q - 3*u + 293, -6*q + 222 = -3*q + b*u. What are the prime factors of q?
71
Let n be (1 + -2 - 0) + 5. Let l(r) = 12*r - 9. List the prime factors of l(n).
3, 13
Let j(p) = -p**3 - 5*p**2 + 3*p - 10. Let z be j(-6). Suppose -2*w - 5*r + 58 = -z*r, -111 = -5*w - r. What are the prime factors of w?
23
Let g = 1567 + -497. What are the prime factors of g?
2, 5, 107
Suppose -x = 3*x - 5*r + 13, -2*x + 11 = r. List the prime factors of (x/2)/((-3)/(-18)).
3
Let r = 24 - 5. Let g(m) = -m**3 + 6*m**2 + 27*m + 9. Let u be g(9). Suppose u + r = n. What are the prime factors of n?
2, 7
Suppose k + 0*k + 34 = 0. Let a be (-8674)/k + (-24)/204. Suppose 3*j = n + 219, -4*j - 4*n + 37 = -a. What are the prime factors of j?
73
Let y = 2948 + -1859. List the prime factors of y.
3, 11
Suppose -8*a - 40 = -3*a. Let z(r) = -3*r + 18. List the prime factors of z(a).
2, 3, 7
Suppose d - 4*i - 14 = 0, d - 3 = 5*i + 9. Suppose w + 23 = d. List the prime factors of (w + 3)*715/26.
5, 11
Let r(v) = -2*v + 7. Let f be -3 + 9 + -1 + -3. Suppose -5*b = f*d + 61, 4*b + 3*d + 2*d = -59. List the prime factors of r(b).
29
Let c be (-3)/(45/(-10))*27. What are the prime factors of (4 - c)/(1/(-2))?
2, 7
Suppose 27 = -10*m + 19*m. Suppose -m*c + 285 = -0. What are the prime factors of c?
5, 19
Let p = -33 - -36. Suppose p*i = 5*i + 5*j - 93, -207 = -4*i - 3*j. What are the prime factors of i?
2, 3
Suppose 27 = -4*m - 5. Let a(z) = z**3 - 3*z**2 + 4*z + 5. Let q be a(4). Let u = m + q. List the prime factors of u.
29
Let p be (-330)/(-20) - (-2)/(-4). Suppose -4*j + 569 = -3*r, 2*r + 18 = -2*j + 292. Suppose 4*z - j = -p. What are the prime factors of z?
31
Suppose -2*n - n + 2676 = 0. Suppose 2*k - n = -2*k. Suppose 2*y - 3*y = -4*u + 185, -4*y = -5*u + k. What are the prime factors of u?
47
Suppose -o + 1 = -3. Suppose 49 = 4*t + 5*m, 31 + 21 = 4*t + o*m. Suppose i = 2 + t. List the prime factors of i.
2, 3
Suppose 3*j - 7252 = 5*q + 421, 2 = -2*q. What are the prime factors of j?
2, 3, 71
Let a be (9/(-6) + 3)/(1/(-26)). Let u = 134 + a. What are the prime factors of u?
5, 19
Let r be (-47 - (-2 - -2)) + 0/20. Let n = r + 202. List the prime factors of n.
5, 31
Suppose 1009 = 3*a + v - 6*v, 4*a - 1342 = 5*v. List the prime factors of a.
3, 37
Let r(c) be the third derivative of 79*c**6/120 - c**4/24 - 15*c**2. List the prime factors of r(1).
2, 3, 13
Suppose 0 = 13*z - 6*z - 14. Suppose 4*m - 2*j = 1060, j - 800 = -z*m - m. What are the prime factors of m?
2, 7, 19
Suppose -2*r + 827 = 12167. What are the prime factors of 2*(r/12)/(-7)?
3, 5
Let n = -35 - -35. Suppose -3*g + 206 + 121 = n. List the prime factors of g.
109
Let v(l) = -l**2 + 7*l - 7. Let t be v(3). Let s(p) = -2*p + 11. Let a be s(t). Let m(n) = 51*n + 1. What are the prime factors of m(a)?
2, 13
What are the prime factors of 90/(-72) - 2229/(-4)?
2, 139
Suppose 2*a = -2*k - a + 3311, -5*a - 1623 = -k. List the prime factors of k/14 + 18/63.
2, 59
Suppose -3*f + 8 = g - 5, -2*f = 4*g - 2. Suppose 5*k - 3*t + 23 = -4*t, -f*k - 33 = -4*t. Let x = 12 + k. List the prime factors of x.
7
Let v = -175 - -285. What are the prime factors of v?
2, 5, 11
Let k(x) = 10 + 6*x - x**3 - 2*x + 9*x**2 - x - 5. Let c be k(9). Suppose -3*s + c = -s. List the prime factors of s.
2
Let k be ((-135)/3)/(-3) - 3. Let n = 27 + k. Suppose 0 = 3*i - n - 3. What are the prime factors of i?
2, 7
What are the prime factors of (-2934)/(-10) + (-18)/(-30)?
2, 3, 7
Suppose 22*q - 192 = 27*q + v, 0 = -2*q - 5*v - 86. Suppose 0*s + 2*s + 144 = 0. Let r = q - s. What are the prime factors of r?
2, 17
Suppose 65*c - 68*c + 4578 = 0. List the prime factors of c.
2, 7, 109
Let v = 33 - 28. Suppose q = v*q - 200. What are the prime factors of q?
2, 5
Let t be 4*(-2)/(-4) - -145. Let q(g) = -g**3 - 16*g**2 + 15*g + 8. Let c be q(-17). What are the prime factors of c/t - 201/(-7)?
29
Suppose -5*u + 145 + 40 = 0. What are the prime factors of u?
37
Let x be (2/7)/((-1)/(-7)). Suppose x*k - 8 = -2*k. Suppose -10 = -u - 2*g + 18, k*u = -5*g + 54. What are the prime factors of u?
2
Let j(m) = 2477*m + 122. What are the prime factors of j(2)?
2, 3, 47
List the prime factors of 4/((-240)/(-175995)) + (-10)/8.
2, 733
Suppose -5*x + 137 = 2*j + 35, 2*j = 4*x - 96. List the prime factors of x/(-33) - (-299)/3.
3, 11
Suppose 0 = -4*y + 3*c + 47, 2*y = 3*y + 3*c - 23. Let l = y - -62. What are the prime factors of l?
2, 19
Let f(m) = -268*m - 8. What are the prime factors of f(-1)?
2, 5, 13
Let b(a) = -a**2 + a + 42. Let w be b(0). Let h = w - 2. Suppose -9 = -l - 5*s + 1, -4*s + h = 4*l. List the prime factors of l.
2, 5
Suppose -11*j = -6*j. Suppose d + j*d = -96. Let l = -54 - d. List the prime factors of l.
2, 3, 7
Suppose -4*c + 10439 = 1727. List the prime factors of c.
2, 3, 11
Let g(d) = -7*d**2 - 3*d - 7. Let l(f) = 13*f**2 + 6*f + 13. Let q(i) = 11*g(i) + 6*l(i). Let w be (-3 + (1 - 0))*3. What are the prime factors of q(w)?
19
What are the prime factors of 1*183*(22 - 15)?
3, 7, 61
Let y(k) = -3*k**3 + 10*k**2 + 36*k + 197. What are the prime factors of y(-9)?
2, 5, 7, 41
Let r(q) be the second derivative of 7*q**4/6 - 7*q**3/6 + 10*q. List the prime factors of r(3).
3, 5, 7
Let l(n) = n**3 - 8*n**2 + 8*n - 197. List the prime factors of l(14).
1091
Suppose -9*b + 3331 = -3500. What are the prime factors of b?
3, 11, 23
What are the prime factors of (-58 - 3)*(1 + -3)?
2, 61
Suppose -4*p - 80 = -2*n, 4*n = 9*n + 2*p - 164. What are the prime factors of n?
2, 17
Let w = -1582 + 2713. List the prime factors of w.
3, 13, 29
Suppose 0 = -3*a + 4*a - 4. Let g be (-10)/a*(-24)/20. Suppose 0 = -g*n + 57 + 12. What are the prime factors of n?
23
Let g = 2530 + -832. What are the prime factors of g?
2, 3, 283
Let q be (-63)/(-3) - (-4 + 8). Suppose -r - q = -4. Let b = r + 43. List the prime factors of b.
2, 3, 5
Let i = -17 - -22. Suppose -240 + 15 = -i*b. List the prime factors of b.
3, 5
Suppose -g = -398 + 26. List the prime factors of g.
2, 3, 31
Let n be -12 - (1 - 15/3). Let v(x) = -2*x - 14. Let g be v(n). Suppose -3*y - 4*a = -146, g*y - 5*a + 24 = 106. List the prime factors of y.
2, 23
Let r be (-6)/5*370/2. Let c = r - -128. Let x = c - -133. What are the prime factors of x?
3, 13
Let t(f) = -f**3 - 8*f**2 + 9*f + 8. Let j be t(-9). Suppose -1208 = -j*o - 0*o. List the prime factors of o.
151
Let t(d) be the first derivative of -d**4/2 - 4*d**3/3 - 3*d**2/2 - 2*d - 2. Let k = 5 - 8. List the prime factors of t(k).
5
Suppose 0 = 3*o + 3*f + 13552 + 14048, -5*o + 4*f - 46036 = 0. What are the prime factors of 6/(-15) - (o/(-15))/(-4)?
3, 17
Suppose 5*f - 3198 = 2*l, -4*l - 81 = f - 725. Suppose -f - 184 = -4*n. What are the prime factors of n?
2, 103
Suppose -5*a = -2 - 18. Suppose -18 = j - 5*h, j - 11 = -a*h + 7. What are the prime factors of j?
2
Suppose -2*u - 3*u + 10 = 0. Suppose 0 = -0*k - u*k + 24. List the prime factors of k.
2, 3
Suppose -5*c - 4*w = -12538, -5*w = 3*c - c - 5005. What are the prime factors of c?
2, 5, 251
Let t be 0 + 0 - (-30)/10. Suppose -6*d = -t*d. Suppose d*r = -4*r + 48. What are the prime factors of r?
2, 3
Let h = -23 + 27. Suppose -h*p - p + 504 = 4*g, 2*g + 5*p - 242 = 0. What